e?
False
Is 106919661337 a prime number?
True
Is 18392808517 prime?
False
Is 455281387 a prime number?
False
Is 514905533 a composite number?
True
Is 11483829821 a prime number?
False
Is 38088874547 a prime number?
True
Is 1871662319 a prime number?
False
Is 96872824057 composite?
False
Is 103943711 prime?
True
Is 313432267 composite?
False
Is 7111681307 composite?
False
Is 11633811257 a composite number?
False
Is 9770117909 composite?
True
Is 865427681 composite?
False
Is 1268623703 prime?
False
Is 5081692647 composite?
True
Is 12387239933 a prime number?
True
Is 1707483061 composite?
True
Is 73459272277 a prime number?
False
Is 14870702219 a composite number?
True
Is 3311456138 composite?
True
Is 1573543441 composite?
True
Is 457635047 prime?
True
Is 971602813 prime?
False
Is 2425228235 a prime number?
False
Is 5725268713 composite?
False
Is 20408529133 a composite number?
False
Is 273957133 a prime number?
False
Is 13946439841 composite?
True
Is 9551898943 a composite number?
False
Is 82920653 composite?
True
Is 36680243839 prime?
True
Is 3280034921 a composite number?
True
Is 3777072161 a prime number?
True
Is 34986796435 a composite number?
True
Is 443395273 composite?
False
Is 376203307 composite?
False
Is 40942284763 a prime number?
False
Is 7022368417 a composite number?
True
Is 3560002231 a composite number?
False
Is 2100498737 composite?
False
Is 13421295929 prime?
True
Is 46024794899 prime?
True
Is 1369633787 prime?
True
Is 655575556223 a composite number?
True
Is 281114237 a prime number?
True
Is 114184907659 prime?
True
Is 3618682597 composite?
False
Is 51459583753 a composite number?
False
Is 1966163077 a composite number?
True
Is 1186265009 prime?
True
Is 631416943 prime?
True
Is 386343253915 prime?
False
Is 15747688939 a prime number?
False
Is 206913209 composite?
False
Is 1126628479 prime?
True
Is 1425376313 prime?
True
Is 6949570101 prime?
False
Is 252530351789 a composite number?
False
Is 90495632938 a composite number?
True
Is 7464383609 a prime number?
False
Is 1454589839 composite?
True
Is 8318225543 a prime number?
False
Is 8988209669 a composite number?
True
Is 608060071 a composite number?
True
Is 114327272639 prime?
True
Is 3857325889 prime?
True
Is 11921320967 composite?
True
Is 74442266771 prime?
True
Is 5579115793 a prime number?
False
Is 96809939 a prime number?
False
Is 26013989333 composite?
False
Is 436569478 a prime number?
False
Is 61899630517 a composite number?
False
Is 47648759671 a prime number?
True
Is 7977834769 prime?
True
Is 37557157319 a prime number?
False
Is 25102474751 prime?
True
Is 9444068833 prime?
False
Is 389853977 a composite number?
True
Is 1518503197 composite?
True
Is 421361351 composite?
False
Is 2475302143 a prime number?
False
Is 90415215181 composite?
True
Is 4819472461 prime?
True
Is 42899503 a prime number?
False
Is 34846931957 prime?
False
Is 408406847 prime?
True
Is 3194352737 composite?
False
Is 3963641839 prime?
False
Is 916979897 composite?
True
Is 1850704811 composite?
False
Is 15940371389 a prime number?
False
Is 6465199247 a prime number?
False
Is 552817477 composite?
False
Is 30884445083 a prime number?
True
Is 1723297591 prime?
False
Is 408219529 composite?
True
Is 36880897219 a composite number?
True
Is 756817217 a composite number?
True
Is 849502237 a composite number?
True
Is 20813976847 composite?
False
Is 1878588703 prime?
False
Is 2398701103 a composite number?
True
Is 392459294 a prime number?
False
Is 28023418097 a composite number?
True
Is 88442222017 a prime number?
True
Is 8431660243 a prime number?
True
Is 110547064009 prime?
False
Is 10579669 a composite number?
True
Is 53811899177 a prime number?
True
Is 32764812749 prime?
True
Is 1030750967 a prime number?
True
Is 9876005261 a composite number?
False
Is 17999121517 a composite number?
True
Is 24953131507 a composite number?
False
Is 16524173 prime?
True
Is 64251937 a prime number?
True
Is 22124503741 a composite number?
True
Is 903896863 composite?
False
Is 14980278179 a prime number?
True
Is 299161307 a prime number?
False
Is 12579994267 a composite number?
False
Is 27146584201 composite?
True
Is 532289489 composite?
True
Is 2004095579 a prime number?
True
Is 1526868559 prime?
False
Is 164924581 a composite number?
False
Is 2073723779 a prime number?
True
Is 3651462755 prime?
False
Is 2629765529 prime?
False
Is 2889855517 prime?
False
Is 4660040569 a composite number?
False
Is 82788749531 a prime number?
False
Is 4860106709 a prime number?
True
Is 353015329 a prime number?
False
Is 8522587181 prime?
True
Is 259110457 a composite number?
False
Is 54518817847 a prime number?
False
Is 46008575267 a composite number?
False
Is 1126734621 composite?
True
Is 83587021 prime?
False
Is 398201539 a prime number?
False
Is 758890747 composite?
False
Is 3236929441 a prime number?
True
Is 201930818577 prime?
False
Is 7415760659 a composite number?
False
Is 2830717437 composite?
True
Is 2474186819 prime?
False
Is 633820801 a composite number?
False
Is 112983917 a prime number?
False
Is 130230605 a composite number?
True
Is 327118883213 prime?
False
Is 2596914799 composite?
False
Is 225536609 a prime number?
True
Is 92264804207 composite?
True
Is 67878609347 a composite number?
False
Is 5464500533 a composite number?
True
Is 499812647 prime?
True
Is 344308381 prime?
True
Is 93877525609 prime?
False
Is 60888130441 prime?
False
Is 355226867 a prime number?
True
Is 1156221587 a prime number?
True
Is 5736408247 a prime number?
False
Is 79567842169 composite?
False
Is 5661188345 composite?
True
Is 1758905089 composite?
True
Is 71392041811 a prime number?
False
Is 2759412473 a composite number?
False
Is 1332492677 a prime number?
False
Is 4657214867 prime?
False
Is 9704420111 a composite number?
False
Is 2424255787 prime?
False
Is 422829109 a prime number?
True
Is 2334896539 composite?
False
Is 115315385071 a prime number?
False
Is 3430703929 a composite number?
False
Is 162780589 a composite number?
True
Is 2821191851 a prime number?
True
Is 10540008983 a prime number?
False
Is 133534928239 composite?
True
Is 8051650363 a prime number?
True
Is 547771591 prime?
True
Is 537302837 a prime number?
False
Is 1183268743 a composite number?
True
Is 4881821443 a prime number?
False
Is 1091150849 prime?
True
Is 339758303 prime?
False
Is 30637931323 a composite number?
False
Is 689647411 composite?
False
Is 45469075643 composite?
True
Is 17085071507 prime?
False
Is 256745189 a prime number?
True
Is 33356120689 a composite number?
False
Is 779710033 a composite number?
False
Is 46314123517 composite?
False
Is 109271431 a composite number?
True
Is 18779445529 a composite number?
True
Is 23724289 prime?
False
Is 40676688361 a composite number?
False
Is 44293000555 composite?
True
Is 4680436951 a prime number?
True
Is 15935001983 prime?
False
Is 15370855639 a prime number?
True
Is 3272477137 prime?
True
Is 7641698489 composite?
False
Is 3831161563 a prime number?
True
Is 90351039101 a prime number?
True
Is 8133383669 a composite number?
True
Is 4261040611 a composite number?
False
Is 157768076153 a prime number?
True
Is 17963573809 composite?
False
Is 4382351683 a prime number?
True
Is 3748142803 a composite number?
False
Is 1728566123 a composite number?
True
Is 31171235 composite?
True
Is 1448902274 composite?
True
Is 2674488391 a composite number?
False
Is 1787041393 composite?
True
Is 3500841043 composite?
True
Is 2944137731 a composite number?
False
Is 427656329 a prime number?
True
Is 2006480621 prime?
True
Is 5241853291 a composite number?
False
Is 5368228741 prime?
True
Is 5343655363 a composite number?
False
Is 6080961823 composite?
False
Is 345984413 composite?
True
Is 1960301263 a composite number?
True
Is 7341881581 a composite number?
False
Is 7543446541 a prime number?
False
Is 2231660699 a prime number?
True
Is 12346908781 prime?
True
Is 137573041 composite?
True
Is 242148078269 composite?
False
Is 435947537 prime?
True
Is 12969094777 composite?
False
Is 1262949235 prime?
False
Is 544239077 prime?
True
Is 60941182193 a composite number?
False
Is 339239311 prime?
True
Is 13574166779 a prime number?
True
Is 28846904407 composite?
False
Is 20243199797 a prime number?
True
Is 205279147 a prime number?
True
Is 66735154691 compos